{"id":6575,"date":"2022-06-22T23:24:44","date_gmt":"2022-06-22T23:24:44","guid":{"rendered":"https:\/\/tabernaramon.com\/?page_id=6575"},"modified":"2022-07-03T12:12:34","modified_gmt":"2022-07-03T12:12:34","slug":"contratos-y-convenios","status":"publish","type":"page","link":"https:\/\/tabernaramon.com\/?page_id=6575","title":{"rendered":"Contratos y Convenios"},"content":{"rendered":"\n<p>2021:<\/p>\n\n\n\n<ul class=\"wp-block-list\"><li>Contratos<br>La entidad no ha suscrito durante el a\u00f1o 2021 ning\u00fan contrato con Administraciones P\u00fablicas.<\/li><li>Convenios<br>La entidad no ha suscrito durante el a\u00f1o 2021 ning\u00fan convenio con Administraciones P\u00fablicas.<\/li><\/ul>\n","protected":false},"excerpt":{"rendered":"<p>2021: ContratosLa entidad no ha suscrito durante el a\u00f1o 2021 ning\u00fan contrato con Administraciones P\u00fablicas. ConveniosLa entidad no ha suscrito durante el a\u00f1o 2021 ning\u00fan convenio con Administraciones P\u00fablicas.<\/p>\n","protected":false},"author":1,"featured_media":6904,"parent":0,"menu_order":0,"comment_status":"closed","ping_status":"closed","template":"template-wide-content.php","meta":{"patiotime_single_page_hide_site_header":"","patiotime_single_page_site_header_source":"","patiotime_single_page_custom_site_header":"0","patiotime_single_page_custom_sticky_site_header":"0","patiotime_single_page_hide_page_title":"","patiotime_single_page_header_section_size":"","patiotime_single_page_header_background_color":"","patiotime_single_page_header_background_position_x":"center","patiotime_single_page_header_background_position_y":"center","patiotime_single_page_header_background_size":"cover","patiotime_single_page_header_background_repeat":"off","patiotime_single_page_header_background_scroll":"on","patiotime_single_page_header_text_color":"","patiotime_single_page_header_show_breadcrumb":"","patiotime_single_page_site_footer_hide_main":"","patiotime_single_page_site_footer_hide_above":"","patiotime_single_page_site_footer_hide_instagram":"","patiotime_single_page_site_footer_hide_bottom":"","footnotes":""},"class_list":["post-6575","page","type-page","status-publish","has-post-thumbnail","hentry"],"_links":{"self":[{"href":"https:\/\/tabernaramon.com\/index.php?rest_route=\/wp\/v2\/pages\/6575","targetHints":{"allow":["GET"]}}],"collection":[{"href":"https:\/\/tabernaramon.com\/index.php?rest_route=\/wp\/v2\/pages"}],"about":[{"href":"https:\/\/tabernaramon.com\/index.php?rest_route=\/wp\/v2\/types\/page"}],"author":[{"embeddable":true,"href":"https:\/\/tabernaramon.com\/index.php?rest_route=\/wp\/v2\/users\/1"}],"replies":[{"embeddable":true,"href":"https:\/\/tabernaramon.com\/index.php?rest_route=%2Fwp%2Fv2%2Fcomments&post=6575"}],"version-history":[{"count":2,"href":"https:\/\/tabernaramon.com\/index.php?rest_route=\/wp\/v2\/pages\/6575\/revisions"}],"predecessor-version":[{"id":7083,"href":"https:\/\/tabernaramon.com\/index.php?rest_route=\/wp\/v2\/pages\/6575\/revisions\/7083"}],"wp:featuredmedia":[{"embeddable":true,"href":"https:\/\/tabernaramon.com\/index.php?rest_route=\/wp\/v2\/media\/6904"}],"wp:attachment":[{"href":"https:\/\/tabernaramon.com\/index.php?rest_route=%2Fwp%2Fv2%2Fmedia&parent=6575"}],"curies":[{"name":"wp","href":"https:\/\/api.w.org\/{rel}","templated":true}]}}